ate 6 + (-1 + 16 - (254 + -235)).
2
What is 5 + -29 + 4 + 13 + -5?
-12
Calculate -2 - 0 - (-33 + 1 + -2 + 13).
19
What is the value of 0 + -1 - -13 - (-1141 - -1166)?
-13
What is (0 - 20) + (-10 - -20)?
-10
Evaluate 6 - (5 + (-5 - -2)) - 18.
-14
Evaluate (13 - (-8 - -7)) + -3 + -7.
4
Evaluate -9 - 3 - -6 - -5 - -8 - 2.
5
-5 + 12 + -11 + 2
-2
23 + -22 + -5 + -10 + -3
-17
(43 - (55 - 35)) + -24
-1
What is -5 + 19 + -21 + -13 - -13?
-7
Calculate -7 + (9 - 0) - -3.
5
Calculate -17 + (40 - 19) + (-1 - -2 - 0).
5
1 + (-173 - -190 - (33 - 0))
-15
Calculate 7 - (-3 - -19) - (-16 - 1 - 2).
10
(-30 - (-6 - -7)) + -7 + 8 + 7
-23
What is the value of -2 + (25 - 14) - 9?
0
What is the value of (5 - (5 + -1 + 4 - 4)) + -15?
-14
What is the value of -6 + 6 + (-6 - -6) + 10 + 4?
14
What is (-12 - (1 - (0 - 5 - 1))) + 1?
-18
What is (16 - 16) + 7 + 1 + 3?
11
Calculate -2 + 17 + (27 - (-36 + 75)).
3
Calculate (2 - (3 - 6)) + (4 - -8) + -9.
8
Evaluate -131 + 99 - (-3 - (8 - -4 - 3)).
-20
(3 - (8 + -14 + 3)) + -2
4
Calculate (60 - 26) + -23 + -4.
7
Evaluate 13 - ((5 - (11 - 20)) + -10).
9
4 + -9 + 3 + 2 - (1 - -3)
-4
-1 + -20 + (-4 + 5 - -6) + -1
-15
Evaluate -1 + -1 + (-2 - 4) + -5.
-13
What is the value of 10 - 1 - (1814 - 1793)?
-12
(3 - (11 - 4 - -1)) + (-10 - -7)
-8
Calculate 21 + 4 + -15 + 8 + -2.
16
What is 33 + 1 + 1039 + -1070?
3
What is 4 + -2 + 12 + 149 + -168?
-5
Evaluate 2 - (-17 - (1 + -12)).
8
What is the value of (7 - (3 + 0)) + -5 - (-18 + -1)?
18
Calculate 2 - ((18 - 2) + 3 - 11).
-6
What is the value of 1 - (9 + -9 + 10) - -11 - 10?
-8
What is -1 + -38 + (67 - 45)?
-17
Calculate -1 - 0 - (-37 + 5 + 30).
1
-3 + 28 + -6 + -14
5
Calculate -9 - (27 - (21 + (-6 - 0))).
-21
Calculate (-7 - 2 - -3) + 19 + -10.
3
Calculate (-22 + 11 - -18) + -11.
-4
Calculate -16 + 44 + -24 + 20.
24
Calculate 5 - ((8 - (9 - 4)) + 7 + -3).
-2
What is 2 + 7 + -3 - (-8 + (0 - -1))?
13
(54 - 34 - 51) + 28
-3
What is (-2 - -3) + -3 + (558 - 550)?
6
Calculate (13 - 18) + (-10 - (-5 - -6)).
-16
What is the value of -2 + (12 - (13 + -10)) + -5 + 21?
23
14 + -1 - (37 + (14 - 60))
22
What is -18 - (1 + -19 + 39 + -12)?
-27
What is (1 - -5 - -1) + -18 - -8?
-3
Evaluate -24 - (-19 + 9 + 11 - 10).
-15
Evaluate -1 + 0 - (1 - -11) - (-204 - -206).
-15
Evaluate 6 - (-39 + 37 - (-16 - -1)) - 0.
-7
(-16 - 7 - -5) + 1 + 5
-12
-6 + (2 - -3) + -11 + 1
-11
Calculate (-40 + 28 - (-5 + 1)) + 1.
-7
What is the value of -9 + 14 + -10 - (4 + -19)?
10
What is 0 + -9 + (11 - -14)?
16
-41 - (13 - (60 + -26))
-20
What is the value of 24 + (-36 - 10) - -7?
-15
What is (14 - (3 - -5)) + -12?
-6
21 + (-12 - -15 - 28)
-4
What is the value of (7 - (-17 - -7)) + -12?
5
Calculate (-4 - (5 + 0 + -32 - 0)) + -7.
16
321 - 303 - (21 - 2)
-1
Evaluate 2 + -3 + (-2 - 5 - 5).
-13
Evaluate 16 + -18 + -8 - (-1 - -11).
-20
Evaluate 1 + (-1 - -6 - (3 + 3)).
0
Calculate -1 + 14 + (3 - -11) + -12.
15
What is (33 - (15 + 16)) + 26?
28
Evaluate -6 + 2 + (-2 - (-10 + 15)).
-11
-11 + 22 + -31 + -1
-21
What is (-18 - (2 + -1)) + (1261 - 1252)?
-10
Evaluate -7 - (2 - (0 - -6 - 0)).
-3
15 - (8 + (3 - 4)) - 15
-7
What is the value of -34 - 2 - (-27 - -13)?
-22
What is -14 + 29 + (-10 - -3)?
8
Calculate 10 + -28 + 10 - (-12 - (-3 + 2)).
3
-29 - (3 + 0 + (357 - 363))
-26
Calculate (3 - 2) + -20 - (8 + -42 + 39).
-24
Evaluate (-8 - -1) + (-27 - (-2 + -18)).
-14
What is (-1 - -34 - (4 - 2)) + (897 - 902)?
26
2 - (3 - (-7 + 7) - -7)
-8
What is the value of 0 - -8 - ((-19 - -8) + 14)?
5
45 + (-5 - 37) - (1 - 6 - -1)
7
What is -5 + -1 + (-6 - -16) + 4 + -9?
-1
-2 - (-1 - 5 - (46 - 57))
-7
Calculate -1 + 1 + (6 - 0) + (4 - 4).
6
9 + (14 + -14 - 25)
-16
What is the value of 25 - ((1 - (-2 - -14 - 3)) + -2)?
35
What is (-4 + (-1 - -1) - 2) + 59 + -48?
5
(12 + -3 - -9) + -1
17
What is the value of -12 - ((3 - -8) + -24)?
1
Evaluate -4 + (-10 + 7 - (-4 + -17)).
14
What is (29 - 5) + 161 + -156?
29
What is (-7 + -1 + -2 - (-3 + -1)) + 13?
7
Calculate 0 + -6 - (-14 - (-10 + 3 - 18)).
-17
What is -2 + -4 - (-9 + -10) - (-11 + 13)?
11
0 + 6 + (146 - 164)
-12
Evaluate -15 - (-9 - (-12 + -5)).
-23
Calculate 36 + (-48 - 6 - -28).
10
-22 + -11 + 4 + 9 - -11
-9
-5 + (-8 + 3 - -15) - 4
1
What is the value of 0 + (0 - -9) + -1947 + 1962?
24
What is the value of 8 + 1 - (41 - (36 + -15))?
-11
What is -6 - -12 - -5 - (3 - 4)?
12
Evaluate 30 - (24 + 8) - -30.
28
8 + (5 - 1) + -2 + 6 + 7
23
11 + -6 + 5 - 31
-21
-8 + 0 + (-8 - -8 - 2)
-10
What is -6 - (-1 + -15 + (106 - 103))?
7
Evaluate -12 + 20 + (-81 - -48).
-25
Evaluate 10 - (35 - -10 - 40).
5
Evaluate (-7 - (-6 - -13)) + (-5 - -3) + -4.
-20
What is 12 + 25 + -26 + 8?
19
Evaluate 1 + 3 - (9 - (13 - 10 - 11)).
-13
What is -25 + -8 + 2 - -56?
25
Calculate -8 - (1 + 1 + (2 + 2 - 11)).
-3
What is (-28 - -95) + -25 + -13?
29
Evaluate (-31 - (3 + -15)) + 40.
21
-17 + (-4 + (2 - (7 - 9)) - -3)
-14
Calculate -5 + (6 - 14) + (4 - 0).
-9
(6 - (-1 + -4)) + -16
-5
What is (32 - 22) + -9 + (-5 - 1 - -8)?
3
Evaluate (6 - 3) + 3 - ((1 - 32) + 12).
25
Evaluate 0 - 3 - (-97 - -103) - (-11 - -18).
-16
Evaluate -16 - (-8 - (-15 + 25)).
2
12 + -6 + 4 + -7 + 3
6
What is 17 + (-6 - (25 - 11))?
-3
What is 27 + 0 + -645 + 622?
4
What is the value of -1 + (2 + 1 + -12 - -2 - 7)?
-15
192 - 220 - ((3 - (2 + 9)) + -1)
-19
What is the value of 19 + 11 + (-8 - ((-6 - 8) + 9))?
27
What is 3 + (-12 - 2) + -1 - (1 - 7)?
-6
9 + 23 + -10 + -27
-5
Calculate -1 + (5 - 1) + 21 + -12 + -27.
-15
What is the value of (-6 - 7) + (-35 - -42)?
-6
What is (4 - 2) + (-260 - -266)?
8
What is -1 + -20 - -12 - (-10 - -4) - 17?
-20
(-4 - 3) + 15 + -3
5
32 + 3 + (-2 + 6 - 13)
26
What is (1 - -6 - (-146 + 156)) + 1 + 22?
20
Calculate 1 + 1 - (25 + -111 + 52).
36
Calculate (-16 + 16 - -9 - 29) + (0 - -1).
-19
-1 + (7 - (4 - (-2 + (-3 - -10))))
7
Calculate 12 + (-8 - -21 - (-9 - -8)).
26
What is 6 - (28 - (-28 + 29))?
-21
(-3 - -6) + (0 + 7 - -4)
14
What is 93 + -89 - (0 + 1)?
3
Calculate -10 + 9 - 17 - -15.
-3
Calculate (-5 - -15) + 4 - 7.
7
What is the value of -5 - (-20 - -25) - -9?
-1
Evaluate (-2 - -7) + 10 - (-6 - -6).
15
(40 - 24) + (5 - (-6 + 16))
11
What is the value of (-367 - -368) + (11 - 0)?
12
-7 + -5 - -10 - (16 - 8)
-10
Evaluate 45 + 14 + 5 + -100.
-36
-8 + 43 + 84 + -91
28
-15 - ((0 - -1) + -11) - -18
13
Calculate -3 + -9 - (24 - (43 - 4)).
3
What is the value of 7 - ((1 - -13) + 0 + 13)?
-20
What is 1 + 3 + (9 - 5)?
8
Evaluate -19 - ((16 - 43) + 11).
-3
Evaluate (11 - (-6 + 3 + -3)) + -8.
9
Calculate 5 - (-5 - -5 - 2 - 7).
14
5 + 8 + -21 + (-1 - 0)
-9
-1 + 4 + -10 + (65 - 58)
0
What is the value of -3 + 1 + 1 + 6 - (9 - 8)?
4
Calculate (-31 - (-90 - -23)) + -15.
21
Evaluate -6 + 0 - (21 + (2 - (-17 - -75))).
29
Evaluate (-1 - 14) + (-147 - -156).
-6
Calculate 32 + 0 - 31 - -13.
14
Evaluate -8 + 20 + -12 + -11.
-11
Evaluate 1 - 8 - (85 - 76) - 1.
-17
What is the value of -4 + (4 - 9) - -4?
-5
(-5 - -8 - 5) + (24 - 7)
15
4 + -12 + -3 + 8 - 9
-12
Calculate -2 + 6 + (4 - (3 - 6)).
11
3 + 0 + (136 - 125) - -15
29
-98 + 74 + (2 - -1) + 6
-15
9 + (2 - (-8 - -13)) + -22
-16
-21 + (0 + 11 - (19 + -8 + -7))
-14
What is -5 + -17 + 7 + 24?
9
62 + -42 + 9 + -24
5
What is -10 - -4 - (-13 + 9 - 0)?
-2
What is (-6 - -4) + 26 + -20 - (0 + -16)?
20
What is the value of -5 - (0 + 6 - (5 + 10))?
4
Evaluate 5 - (18 + (21 - 17)) - (-8 - 4).
-5
Calculate -29 + (-42 - -91) + -34.
-14
(25 - 36) + 18 + 1
8
Calculate 2 - (-2 - -7 - (12 + (10 - 28))).
-9
What is -6 + 10 - (2 - 10)?
12
What is the value of 3 + (-6 - -7 - -3) + -12?
-5
Evaluate -3 - (20 + -13 + -4).
-6
What is the value of (-1 - -1) + (11 + -10 - 7)?
-6
(-1 - (-2 + -1) - (-32 - -31)) + 3
6
-11 - (7 - (12 + (-12 - -7))) - 2
-13
Calculate -136 - -136 - (2 - -10).
-12
Calculate -13 + 5 + -2 + 55 + -70.
-25
What is (3 + -24 - 4) + 19?
-6
What is 20 + -32 + 12 + (0 - -3) + -8?
-5
Evaluate 14 + (-28 - (5 - (15 + 1))).
-3
Evaluate 10 + (-13 - (13 - (27 - 10))).
1
7 - (91 - 38) - -33
-13
What is the value of (1 - -9) + (-27 - -13) + (13 - 1)?
8
What is the value of 2 - (-11 + (7 - (7 + -33)))?
-20
Evaluate -19 - (-13 - (-1 + -3 - 4 - -3)).
-11
15 + (10 - 10) + -13
2
What is 15 + (12 + -3 - 12)?
12
Evaluate -18 - -23 - (7 + -3 + 0 - -7).
-6
What is the value of 12 - -2 - (-81 + 86) - 3?
6
What is the va